5 - 1).
-2
Calculate (-3 - -1) + 1 - -3 - (90 - 72).
-16
Evaluate 22 - (12 + 15) - (-4 + 4) - 70.
-75
What is the value of 3 - ((-16 - (22 - 29)) + (21 - 1) - -4)?
-12
(-13 + 7 - -14) + 567 + -499
76
Calculate 1 - 100 - (10481 + -10682).
102
-67 - ((37 - 91) + 32)
-45
Calculate -18 + (48 - 142) - -151.
39
What is the value of (-7 - 12) + 61 + -36 + -5?
1
Calculate 3 + -3 - -14 - (-1 + -5) - -88.
108
Evaluate (7 + (6 - (-1 - -9)) - -75) + -12.
68
Calculate (31 + -37 + 19 - -56) + (0 - (6 - -8)).
55
Calculate -8 + (-111 - (-51 + -76)).
8
What is (174 - 65) + -84 + -47?
-22
Evaluate -2 + 32 + (-40 - (29 - 64) - -5).
30
What is -16 + 39 - 26 - -36 - -25?
58
(43 - -90) + (11 + (-25 - 0) - -17)
136
Calculate (-1 - ((-62 - -6 - -14) + -5)) + -4.
42
What is the value of 1282 + -1320 - (1 + -2 + -2 - -2)?
-37
What is the value of 23 + 14 + -43 - -18?
12
Calculate 55 + -92 - (273 + -279).
-31
Calculate (-1 + -14 - (-1 + -3)) + (186 - 130).
45
-6 + (-21 - -18 - 15 - 13)
-37
(-3 + 25 - 10) + -11 - (66 + -6)
-59
Evaluate -42 + 4 + (0 - (-11 + 11 + 1)).
-39
44 - (65 + 15 - (41 + 1))
6
What is the value of 1 + (18 - (-20 + 42) - 5)?
-8
Evaluate (-2 - -1) + -15 + -14 + 21 + -6.
-15
What is 2 + -4 + -1047 + 1022?
-27
Evaluate -55 + (10 - -10) + (-12 - -8) + -3 + 4.
-38
-3 - (13 - (5 - (5 - 0))) - (2 + -3)
-15
Evaluate -6 + (-1 - 0) + 243 + -257.
-21
111 + (13 - (-34 - -7)) + -90
61
Evaluate (-59 - (-5 + (35 - 27))) + 10.
-52
What is the value of 129 + (-154 - -50) + (4 - -1)?
30
Evaluate -63 - (-70 + 71 + 4).
-68
(-66 - 1 - -8) + (0 - 8) + 5
-62
Calculate 96 + -70 + -39 + (0 - -21).
8
What is 126 + (-5 + -9 - (7 + -3))?
108
Calculate -6 + (-31 - -1) + (-73 - -18 - -63).
-28
What is the value of 5 - -5 - (-14 - 21 - 16)?
61
-51 - (32 + -24) - -95
36
What is 38 + -54 + (31 - (-9 - (5 - 10)))?
19
Evaluate (19 - (39 - 9)) + -58 + -8.
-77
What is -12 - 85 - (150 + -183)?
-64
71 + 0 - ((137 - 99) + -11)
44
Evaluate (318 - (-643 - -969)) + 1 + -2 + -11 + 1.
-19
Evaluate -43 - (51 - 27) - -39.
-28
Calculate (16 - 52) + -33 + -5 + 23.
-51
What is 231 + -202 - (-2 - 21) - 23?
29
Evaluate -57 + (-88 - -25 - -43).
-77
Calculate (107 - 95) + -4 + 23 + 7.
38
What is the value of 107 - (206 - (-129 + 86))?
-142
-118 - -120 - (-17 + 1) - (-55 + -1)
74
Evaluate 33 - (1 - (-12 - (-16 + (-4 - -4)))).
36
What is (-65 - (-62 + -55)) + (-1 - 8 - (2 + -1))?
42
9 + (-23 - -17) - (11 - -4)
-12
Calculate 46 - (-19 - (-79 - 54)).
-68
Calculate 6 + 5 + -101 + (-52 + 50 - (-2 + 3)).
-93
What is ((4 - 5) + (-2 - 1) - -54) + (59 - 60)?
49
Calculate -18 - ((-14 - -2) + (5 - 11) + 18).
-18
(-7 - -14) + 3 + 0 + 6 + 74 + -62
28
Calculate 101 - (-18 - 5 - (-11 + 15 + -8 + -10)).
110
What is (-4 - 8 - 13) + 12 + 10 - (-28 - 4)?
29
Evaluate (146 - 285 - -132) + (-4 - -2) + 33.
24
What is -18 - ((-4 + -17 - -20) + 5)?
-22
What is ((5 - (40 + -3)) + 15 - -20) + 60?
63
Evaluate 58 + -25 + -21 + 2.
14
What is 9 - (-27 - (6 - 11)) - 22?
9
What is the value of (40 - -28) + (36 - 52 - (0 + 0 + -8))?
60
55 - ((-6 - (25 + -61)) + 4)
21
What is the value of 17 + 33 + -14 + 5 + 3?
44
What is 11 - (108 + -11 + 10 + -18)?
-78
What is (-7 - (3 + 4 - (-10 - -13))) + 6 + -37?
-42
What is the value of 2 + -39 + 1419 + -1451?
-69
Evaluate (8814 - 8848) + -1 + -99.
-134
What is the value of (-319 - -362 - 138) + (1 - -6)?
-88
What is the value of -41 - (-111 + -18 - -41)?
47
Evaluate 40 + 41 + 100 + -194.
-13
What is the value of -10 + (3 - ((-26 - 6) + -7))?
32
What is the value of 1 - -14 - (22 + 25 + -35)?
3
128 + 2 + -957 + 886
59
What is 12 + (-54 - (-201 - -89))?
70
Evaluate 1 - 26 - 0 - (-10 + (75 - 53)).
-37
-92 - (-25 + -36 + 61 - (0 - -13))
-79
Evaluate (-30 - (-11 + 5 + 7)) + -33 + 25.
-39
What is (58 - 27) + 3 + 8 + 3?
45
(-61 - -49) + -5 - -49
32
27 - -1 - ((-28 - (-22 - -31)) + 30)
35
What is the value of 16 - ((-121 - -2) + (-364 - -362))?
137
What is the value of 2338 + -2357 - (2 + -41)?
20
Calculate (5 - (4 - 53 - 1)) + (149 - 154).
50
Calculate 28 - 3 - (17 + 29 + 48).
-69
Evaluate -68 + (125 - 16) - 66.
-25
What is 25 - (3 + -3 + 14 + (-200 - -200))?
11
Evaluate 146 - 34 - 149 - -131.
94
-128 + 131 - (-4 - 13)
20
What is 19 + (4 - 6) + -2 + 20 + -19 + 5?
21
What is (30 - 1) + (32 - 76 - -69)?
54
Evaluate -9 + 1 + -44 + (37 + -68 - -71).
-12
Evaluate -9 + (-3 - 1 - (9 + 12 + -61)).
27
What is -2 + 28 - 0 - ((-245 - -230) + 18)?
23
What is (15 - (-13 - -16)) + (-6 - -12)?
18
What is (20 + -26 - -26) + (-86 - -2)?
-64
What is 3 + -14 + 2 - (-38 + 43 - 15)?
1
What is the value of -1 + 2 + 23 - (-419 - -441)?
2
Calculate (21 + -34 - -13) + 16 + 9.
25
What is the value of 5078 + -5059 - (1 + -14)?
32
What is the value of -27 - (1 + -21 - (40 + -101))?
-68
What is (-9 - -1) + 0 + (-78 + 96 - (11 - 24))?
23
What is (6 - (3 + (-1 - (-11 - -4)))) + -42?
-45
Calculate (-12 - 3) + (-151 - -139) - -70.
43
What is 13 - (-3 - -13) - -3 - (-5 - (88 - 10))?
89
Calculate -173 + 0 + (6351 - 6260).
-82
What is 28 + (16 - (18 - 8)) + 7?
41
Calculate (11 - 12) + (58 + 10 - (2 + -17)).
82
1 + 0 + 97 - (-40 + 89 + -70)
119
What is the value of 5531 + -5633 - (-78 + 1)?
-25
What is the value of -101 + (41 - 31 - -196)?
105
What is the value of 48 - (94 - 32) - ((-42 - 0) + 1 + -1)?
28
Calculate 2 + -2 - -36 - (-178 - -239).
-25
What is the value of 71 - (-20 + -17 - -165)?
-57
What is the value of (8 - -24) + (185 - 152)?
65
What is the value of 6 - (-10 + (71 - -1) + 7) - (2 - 10)?
-55
(-2 - 19) + (136 - (-25 + 182))
-42
Calculate (7 - (-17 + 89)) + -2 + 8 + (-7 - -10).
-56
-9 - ((3 - (3 + 6 - 15)) + -15)
-3
-2 - (-29 + 17 - -40) - -1
-29
What is -111 + (14 - -78) + 81?
62
What is the value of -22 - 0 - (93 - -57 - 195) - (-17 + 1)?
39
Calculate (34 + -15 - 6) + 54.
67
(7 + 1 - (-11 + 11)) + 15 + -29
-6
What is the value of -7 - (20 + -13 - 19) - 12?
-7
Evaluate (24 - 37) + -5 + 0 + -42 - 4.
-64
What is (2 + 0 - -87) + (15584 - 15592)?
81
Evaluate (-2 - 0) + (-26 - (-63 - -28)) + (-2 - 4).
1
Calculate 32 - ((27 - -8 - 35) + 20).
12
Calculate 49 + -1 - (631 + -485).
-98
0 + -5 - ((-2 - (-4 + -7)) + -4 - 21)
11
What is -95 + 91 + 88 + -77?
7
5 + (4 + 22 - (-3 + 1))
33
-68 + (68 - (20 + -4)) - (0 + -2)
-14
Calculate (-49 + -1 - 0) + -262 + 143 + 132.
-37
(-19 - (-1 - (82 + -58))) + (-15 - (0 - 1))
-8
What is the value of 77 - 18 - (47 + 1)?
11
What is 70 + (5 - 60) - (-7 + 6)?
16
What is 0 + -7 - (29 + 7 + 23 - 37)?
-29
Calculate 2 + (25 - 24) + (9 - 0) + 1 + -50.
-37
Evaluate 0 + 41 - (71 + -62 - -82).
-50
What is 27 + -48 - (-1 - (4 - 10) - -8)?
-34
What is 25 + (12 + -30 + 6 - (-11 - -3))?
21
What is the value of (139 + -310 - -184) + 31 + 1?
45
What is the value of 142 + (-1 - -40 - (-505 + 574))?
112
What is -13 - (4 + -4 + -37 + -11 + -12)?
47
7 - (8 - 27) - (-168 + 222)
-28
Calculate -12 + 29 + -9 + -7 - -23.
24
Evaluate -4 - (57 - (-2 - -3)) - (93 + -88) - 3.
-68
What is -4 + (6 + -15 + 0 - -25) - (-56 + 5)?
63
What is the value of 13 + 56 + (-14 - 21) + 12?
46
-1 + 3 - (62 + 30 + -86)
-4
What is the value of (-291 - -299 - 33) + 113 + 0?
88
What is (2 - -2 - -2) + (13 - 27) + -11?
-19
What is the value of -23 + (-12 - (6 - (7 - -8)))?
-26
Calculate 166 - 156 - ((-123 - -7 - -2) + 9).
115
36 + 3 + -10 + (-95 - -126)
60
Calculate -4 - (-40 - (-7 + 8 + 6 + -16)).
27
What is the value of -77 + (54 - 29 - -13)?
-39
What is the value of (-96 - -90 - (6 - 1)) + -14?
-25
What is 4 + (-13 - ((-3 - (-7 + 12)) + -2)) - -101?
102
Evaluate 58 + (-26 - 36) + 65.
61
27 - (-18 + (2 + 3 - (-2 + (6 - 7))))
37
Evaluate -59 + (-140 - -123) - -138.
62
What is 1 + 1 + -42 + 53 + -2 + -57?
-46
Evaluate -20 - (-30 + -17 + 26 + 31).
-30
Evaluate (1 - 8) + -1 + (76 - 14) + 14 + 2.
70
Calculate -105 + 1 - (6826 - 6964).
34
Calculate 6 - 9 - (-34 - (9 - (-6 - -8))).
38
21 - (62 + (-26 - (24 - 33)))
-24
-4640 + 4630 - ((0 - -4) + 1)
-15
72 + (-11 - (29 - 21)) - (1 - -2)
50
What is -34 + -8 - (-177 - -25) - 42?
68
What is the value of (2 + -4 - 3) + (-9 + (7 - -4) - 32)?
-35
What is the value of 66 + 9 + -12 + -39 - 0?
24
What is the value of 30 - (-4 - (-9 + 5 + -3))?
27
Evaluate (-1 - 15) + 1 + (138 + -168 - (1 - 37)).
-9
Calculate -1 - 17 - (6 + (-52 - -32) + 29).
-33
Calculate 52 + -23 + (61 - (-34 + 41)).
83
Calculate -240 + 139 - ((